{"id":2632,"date":"2023-01-18T18:57:31","date_gmt":"2023-01-18T16:57:31","guid":{"rendered":"https:\/\/justynabronowska.pl\/fotografia\/?page_id=2632"},"modified":"2024-12-09T17:59:59","modified_gmt":"2024-12-09T15:59:59","slug":"fotografia-biznesowa-galerie","status":"publish","type":"page","link":"https:\/\/justynabronowska.pl\/fotografia\/fotografia-biznesowa-galerie\/","title":{"rendered":"fotografia biznesowa galerie"},"content":{"rendered":"","protected":false},"excerpt":{"rendered":"","protected":false},"author":1,"featured_media":0,"parent":0,"menu_order":0,"comment_status":"closed","ping_status":"closed","template":"","meta":{"footnotes":""},"class_list":["post-2632","page","type-page","status-publish"],"yoast_head":"<!-- This site is optimized with the Yoast SEO plugin v27.3 - https:\/\/yoast.com\/product\/yoast-seo-wordpress\/ -->\n<title>fotografia biznesowa galerie - Justyna Bronowska Fotografia - Fotografia \u015blubna, wizerunkowa, rodzinna Bielsko-Bia\u0142a, \u015al\u0105sk<\/title>\n<meta name=\"robots\" content=\"index, follow, max-snippet:-1, max-image-preview:large, max-video-preview:-1\" \/>\n<link rel=\"canonical\" href=\"https:\/\/justynabronowska.pl\/fotografia\/fotografia-biznesowa-galerie\/\" \/>\n<meta property=\"og:locale\" content=\"pl_PL\" \/>\n<meta property=\"og:type\" content=\"article\" \/>\n<meta property=\"og:title\" content=\"fotografia biznesowa galerie - Justyna Bronowska Fotografia - Fotografia \u015blubna, wizerunkowa, rodzinna Bielsko-Bia\u0142a, \u015al\u0105sk\" \/>\n<meta property=\"og:url\" content=\"https:\/\/justynabronowska.pl\/fotografia\/fotografia-biznesowa-galerie\/\" \/>\n<meta property=\"og:site_name\" content=\"Justyna Bronowska Fotografia - Fotografia \u015blubna, wizerunkowa, rodzinna Bielsko-Bia\u0142a, \u015al\u0105sk\" \/>\n<meta property=\"article:modified_time\" content=\"2024-12-09T15:59:59+00:00\" \/>\n<meta name=\"twitter:card\" content=\"summary_large_image\" \/>\n<script type=\"application\/ld+json\" class=\"yoast-schema-graph\">{\"@context\":\"https:\\\/\\\/schema.org\",\"@graph\":[{\"@type\":\"WebPage\",\"@id\":\"https:\\\/\\\/justynabronowska.pl\\\/fotografia\\\/fotografia-biznesowa-galerie\\\/\",\"url\":\"https:\\\/\\\/justynabronowska.pl\\\/fotografia\\\/fotografia-biznesowa-galerie\\\/\",\"name\":\"fotografia biznesowa galerie - Justyna Bronowska Fotografia - Fotografia \u015blubna, wizerunkowa, rodzinna Bielsko-Bia\u0142a, \u015al\u0105sk\",\"isPartOf\":{\"@id\":\"https:\\\/\\\/justynabronowska.pl\\\/fotografia\\\/#website\"},\"datePublished\":\"2023-01-18T16:57:31+00:00\",\"dateModified\":\"2024-12-09T15:59:59+00:00\",\"breadcrumb\":{\"@id\":\"https:\\\/\\\/justynabronowska.pl\\\/fotografia\\\/fotografia-biznesowa-galerie\\\/#breadcrumb\"},\"inLanguage\":\"pl-PL\",\"potentialAction\":[{\"@type\":\"ReadAction\",\"target\":[\"https:\\\/\\\/justynabronowska.pl\\\/fotografia\\\/fotografia-biznesowa-galerie\\\/\"]}]},{\"@type\":\"BreadcrumbList\",\"@id\":\"https:\\\/\\\/justynabronowska.pl\\\/fotografia\\\/fotografia-biznesowa-galerie\\\/#breadcrumb\",\"itemListElement\":[{\"@type\":\"ListItem\",\"position\":1,\"name\":\"Home\",\"item\":\"https:\\\/\\\/justynabronowska.pl\\\/fotografia\\\/\"},{\"@type\":\"ListItem\",\"position\":2,\"name\":\"fotografia biznesowa galerie\"}]},{\"@type\":\"WebSite\",\"@id\":\"https:\\\/\\\/justynabronowska.pl\\\/fotografia\\\/#website\",\"url\":\"https:\\\/\\\/justynabronowska.pl\\\/fotografia\\\/\",\"name\":\"Justyna Bronowska Fotografia - Fotografia \u015blubna, wizerunkowa, rodzinna Bielsko-Bia\u0142a, \u015al\u0105sk\",\"description\":\"Justyna Bronowska Fotografia - Fotografia \u015blubna, wizerunkowa, rodzinna Bielsko-Bia\u0142a, \u015al\u0105sk\",\"potentialAction\":[{\"@type\":\"SearchAction\",\"target\":{\"@type\":\"EntryPoint\",\"urlTemplate\":\"https:\\\/\\\/justynabronowska.pl\\\/fotografia\\\/?s={search_term_string}\"},\"query-input\":{\"@type\":\"PropertyValueSpecification\",\"valueRequired\":true,\"valueName\":\"search_term_string\"}}],\"inLanguage\":\"pl-PL\"}]}<\/script>\n<!-- \/ Yoast SEO plugin. -->","yoast_head_json":{"title":"fotografia biznesowa galerie - Justyna Bronowska Fotografia - Fotografia \u015blubna, wizerunkowa, rodzinna Bielsko-Bia\u0142a, \u015al\u0105sk","robots":{"index":"index","follow":"follow","max-snippet":"max-snippet:-1","max-image-preview":"max-image-preview:large","max-video-preview":"max-video-preview:-1"},"canonical":"https:\/\/justynabronowska.pl\/fotografia\/fotografia-biznesowa-galerie\/","og_locale":"pl_PL","og_type":"article","og_title":"fotografia biznesowa galerie - Justyna Bronowska Fotografia - Fotografia \u015blubna, wizerunkowa, rodzinna Bielsko-Bia\u0142a, \u015al\u0105sk","og_url":"https:\/\/justynabronowska.pl\/fotografia\/fotografia-biznesowa-galerie\/","og_site_name":"Justyna Bronowska Fotografia - Fotografia \u015blubna, wizerunkowa, rodzinna Bielsko-Bia\u0142a, \u015al\u0105sk","article_modified_time":"2024-12-09T15:59:59+00:00","twitter_card":"summary_large_image","schema":{"@context":"https:\/\/schema.org","@graph":[{"@type":"WebPage","@id":"https:\/\/justynabronowska.pl\/fotografia\/fotografia-biznesowa-galerie\/","url":"https:\/\/justynabronowska.pl\/fotografia\/fotografia-biznesowa-galerie\/","name":"fotografia biznesowa galerie - Justyna Bronowska Fotografia - Fotografia \u015blubna, wizerunkowa, rodzinna Bielsko-Bia\u0142a, \u015al\u0105sk","isPartOf":{"@id":"https:\/\/justynabronowska.pl\/fotografia\/#website"},"datePublished":"2023-01-18T16:57:31+00:00","dateModified":"2024-12-09T15:59:59+00:00","breadcrumb":{"@id":"https:\/\/justynabronowska.pl\/fotografia\/fotografia-biznesowa-galerie\/#breadcrumb"},"inLanguage":"pl-PL","potentialAction":[{"@type":"ReadAction","target":["https:\/\/justynabronowska.pl\/fotografia\/fotografia-biznesowa-galerie\/"]}]},{"@type":"BreadcrumbList","@id":"https:\/\/justynabronowska.pl\/fotografia\/fotografia-biznesowa-galerie\/#breadcrumb","itemListElement":[{"@type":"ListItem","position":1,"name":"Home","item":"https:\/\/justynabronowska.pl\/fotografia\/"},{"@type":"ListItem","position":2,"name":"fotografia biznesowa galerie"}]},{"@type":"WebSite","@id":"https:\/\/justynabronowska.pl\/fotografia\/#website","url":"https:\/\/justynabronowska.pl\/fotografia\/","name":"Justyna Bronowska Fotografia - Fotografia \u015blubna, wizerunkowa, rodzinna Bielsko-Bia\u0142a, \u015al\u0105sk","description":"Justyna Bronowska Fotografia - Fotografia \u015blubna, wizerunkowa, rodzinna Bielsko-Bia\u0142a, \u015al\u0105sk","potentialAction":[{"@type":"SearchAction","target":{"@type":"EntryPoint","urlTemplate":"https:\/\/justynabronowska.pl\/fotografia\/?s={search_term_string}"},"query-input":{"@type":"PropertyValueSpecification","valueRequired":true,"valueName":"search_term_string"}}],"inLanguage":"pl-PL"}]}},"_links":{"self":[{"href":"https:\/\/justynabronowska.pl\/fotografia\/wp-json\/wp\/v2\/pages\/2632","targetHints":{"allow":["GET"]}}],"collection":[{"href":"https:\/\/justynabronowska.pl\/fotografia\/wp-json\/wp\/v2\/pages"}],"about":[{"href":"https:\/\/justynabronowska.pl\/fotografia\/wp-json\/wp\/v2\/types\/page"}],"author":[{"embeddable":true,"href":"https:\/\/justynabronowska.pl\/fotografia\/wp-json\/wp\/v2\/users\/1"}],"replies":[{"embeddable":true,"href":"https:\/\/justynabronowska.pl\/fotografia\/wp-json\/wp\/v2\/comments?post=2632"}],"version-history":[{"count":11,"href":"https:\/\/justynabronowska.pl\/fotografia\/wp-json\/wp\/v2\/pages\/2632\/revisions"}],"predecessor-version":[{"id":4063,"href":"https:\/\/justynabronowska.pl\/fotografia\/wp-json\/wp\/v2\/pages\/2632\/revisions\/4063"}],"wp:attachment":[{"href":"https:\/\/justynabronowska.pl\/fotografia\/wp-json\/wp\/v2\/media?parent=2632"}],"curies":[{"name":"wp","href":"https:\/\/api.w.org\/{rel}","templated":true}]}}

<!-- This site is optimized with the Yoast SEO plugin v27.3 - https://yoast.com/product/yoast-seo-wordpress/ -->
<title>fotografia biznesowa galerie - Justyna Bronowska Fotografia - Fotografia ślubna, wizerunkowa, rodzinna Bielsko-Biała, Śląsk</title>
<meta name="robots" content="index, follow, max-snippet:-1, max-image-preview:large, max-video-preview:-1" />
<link rel="canonical" href="https://justynabronowska.pl/fotografia/fotografia-biznesowa-galerie/" />
<meta property="og:locale" content="pl_PL" />
<meta property="og:type" content="article" />
<meta property="og:title" content="fotografia biznesowa galerie - Justyna Bronowska Fotografia - Fotografia ślubna, wizerunkowa, rodzinna Bielsko-Biała, Śląsk" />
<meta property="og:url" content="https://justynabronowska.pl/fotografia/fotografia-biznesowa-galerie/" />
<meta property="og:site_name" content="Justyna Bronowska Fotografia - Fotografia ślubna, wizerunkowa, rodzinna Bielsko-Biała, Śląsk" />
<meta property="article:modified_time" content="2024-12-09T15:59:59+00:00" />
<meta name="twitter:card" content="summary_large_image" />
<script type="application/ld+json" class="yoast-schema-graph">{"@context":"https:\/\/schema.org","@graph":[{"@type":"WebPage","@id":"https:\/\/justynabronowska.pl\/fotografia\/fotografia-biznesowa-galerie\/","url":"https:\/\/justynabronowska.pl\/fotografia\/fotografia-biznesowa-galerie\/","name":"fotografia biznesowa galerie - Justyna Bronowska Fotografia - Fotografia ślubna, wizerunkowa, rodzinna Bielsko-Biała, Śląsk","isPartOf":{"@id":"https:\/\/justynabronowska.pl\/fotografia\/#website"},"datePublished":"2023-01-18T16:57:31+00:00","dateModified":"2024-12-09T15:59:59+00:00","breadcrumb":{"@id":"https:\/\/justynabronowska.pl\/fotografia\/fotografia-biznesowa-galerie\/#breadcrumb"},"inLanguage":"pl-PL","potentialAction":[{"@type":"ReadAction","target":["https:\/\/justynabronowska.pl\/fotografia\/fotografia-biznesowa-galerie\/"]}]},{"@type":"BreadcrumbList","@id":"https:\/\/justynabronowska.pl\/fotografia\/fotografia-biznesowa-galerie\/#breadcrumb","itemListElement":[{"@type":"ListItem","position":1,"name":"Home","item":"https:\/\/justynabronowska.pl\/fotografia\/"},{"@type":"ListItem","position":2,"name":"fotografia biznesowa galerie"}]},{"@type":"WebSite","@id":"https:\/\/justynabronowska.pl\/fotografia\/#website","url":"https:\/\/justynabronowska.pl\/fotografia\/","name":"Justyna Bronowska Fotografia - Fotografia ślubna, wizerunkowa, rodzinna Bielsko-Biała, Śląsk","description":"Justyna Bronowska Fotografia - Fotografia ślubna, wizerunkowa, rodzinna Bielsko-Biała, Śląsk","potentialAction":[{"@type":"SearchAction","target":{"@type":"EntryPoint","urlTemplate":"https:\/\/justynabronowska.pl\/fotografia\/?s={search_term_string}"},"query-input":{"@type":"PropertyValueSpecification","valueRequired":true,"valueName":"search_term_string"}}],"inLanguage":"pl-PL"}]}</script>
<!-- / Yoast SEO plugin. -->

fotografia biznesowa galerie - Justyna Bronowska Fotografia - Fotografia ślubna, wizerunkowa, rodzinna Bielsko-Biała, Śląsk

Justyna Bronowska Fotografia - Fotografia ślubna, wizerunkowa, rodzinna Bielsko-Biała, Śląsk
